at is the thousands digit of 1119?
1
What is the thousands digit of 5693?
5
What is the hundreds digit of 22766?
7
What is the hundreds digit of 2985?
9
What is the thousands digit of 85524?
5
What is the units digit of 1771?
1
What is the ten thousands digit of 40892?
4
What is the hundreds digit of 2237?
2
What is the hundreds digit of 5297?
2
What is the thousands digit of 18779?
8
What is the thousands digit of 35700?
5
What is the units digit of 1212?
2
What is the units digit of 1336?
6
What is the ten thousands digit of 70664?
7
What is the hundreds digit of 1223?
2
What is the thousands digit of 7057?
7
What is the hundreds digit of 7474?
4
What is the ten thousands digit of 37825?
3
What is the tens digit of 2516?
1
What is the units digit of 2624?
4
What is the units digit of 1277?
7
What is the thousands digit of 2961?
2
What is the units digit of 5091?
1
What is the thousands digit of 74604?
4
What is the hundreds digit of 33604?
6
What is the hundred thousands digit of 119028?
1
What is the units digit of 18022?
2
What is the tens digit of 616?
1
What is the hundreds digit of 19305?
3
What is the hundreds digit of 315?
3
What is the units digit of 4626?
6
What is the thousands digit of 1213?
1
What is the thousands digit of 1133?
1
What is the ten thousands digit of 10666?
1
What is the hundred thousands digit of 125612?
1
What is the tens digit of 318?
1
What is the thousands digit of 6906?
6
What is the ten thousands digit of 10427?
1
What is the thousands digit of 51741?
1
What is the hundreds digit of 16036?
0
What is the hundreds digit of 1469?
4
What is the thousands digit of 3183?
3
What is the hundreds digit of 8470?
4
What is the hundreds digit of 54740?
7
What is the ten thousands digit of 57434?
5
What is the thousands digit of 56310?
6
What is the thousands digit of 2673?
2
What is the hundreds digit of 2621?
6
What is the units digit of 1826?
6
What is the hundreds digit of 2455?
4
What is the hundreds digit of 636?
6
What is the tens digit of 2948?
4
What is the tens digit of 1440?
4
What is the tens digit of 2490?
9
What is the tens digit of 1003?
0
What is the units digit of 4732?
2
What is the units digit of 654?
4
What is the tens digit of 794?
9
What is the hundred thousands digit of 107139?
1
What is the thousands digit of 1263?
1
What is the tens digit of 14550?
5
What is the thousands digit of 30371?
0
What is the units digit of 166?
6
What is the tens digit of 43056?
5
What is the hundreds digit of 1899?
8
What is the thousands digit of 1614?
1
What is the tens digit of 776?
7
What is the thousands digit of 16631?
6
What is the units digit of 25471?
1
What is the hundreds digit of 20792?
7
What is the tens digit of 847?
4
What is the hundreds digit of 26171?
1
What is the tens digit of 2490?
9
What is the tens digit of 11244?
4
What is the hundreds digit of 79105?
1
What is the thousands digit of 33666?
3
What is the ten thousands digit of 22839?
2
What is the hundreds digit of 9546?
5
What is the tens digit of 33?
3
What is the units digit of 1106?
6
What is the hundreds digit of 2180?
1
What is the hundreds digit of 615?
6
What is the hundreds digit of 42079?
0
What is the tens digit of 5566?
6
What is the tens digit of 40230?
3
What is the hundreds digit of 31904?
9
What is the tens digit of 1222?
2
What is the units digit of 4073?
3
What is the hundreds digit of 11019?
0
What is the ten thousands digit of 27411?
2
What is the units digit of 208?
8
What is the ten thousands digit of 28469?
2
What is the tens digit of 12186?
8
What is the hundreds digit of 260?
2
What is the tens digit of 16288?
8
What is the hundreds digit of 1060?
0
What is the tens digit of 9975?
7
What is the thousands digit of 35150?
5
What is the units digit of 45083?
3
What is the tens digit of 712?
1
What is the units digit of 1154?
4
What is the tens digit of 10331?
3
What is the thousands digit of 5437?
5
What is the tens digit of 847?
4
What is the units digit of 545?
5
What is the thousands digit of 99711?
9
What is the ten thousands digit of 14159?
1
What is the units digit of 1260?
0
What is the thousands digit of 3360?
3
What is the thousands digit of 1333?
1
What is the thousands digit of 7831?
7
What is the hundreds digit of 1558?
5
What is the units digit of 1038?
8
What is the hundreds digit of 15291?
2
What is the hundreds digit of 1012?
0
What is the tens digit of 1182?
8
What is the hundreds digit of 120?
1
What is the units digit of 8041?
1
What is the thousands digit of 3862?
3
What is the tens digit of 798?
9
What is the tens digit of 64624?
2
What is the units digit of 1640?
0
What is the hundreds digit of 3619?
6
What is the units digit of 3223?
3
What is the thousands digit of 3733?
3
What is the tens digit of 32967?
6
What is the thousands digit of 1262?
1
What is the ten thousands digit of 15195?
1
What is the ten thousands digit of 89636?
8
What is the tens digit of 171411?
1
What is the tens digit of 529?
2
What is the thousands digit of 1263?
1
What is the units digit of 78?
8
What is the tens digit of 5746?
4
What is the hundreds digit of 38390?
3
What is the tens digit of 16383?
8
What is the units digit of 1760?
0
What is the hundreds digit of 5685?
6
What is the hundreds digit of 15299?
2
What is the thousands digit of 28102?
8
What is the tens digit of 723?
2
What is the thousands digit of 27843?
7
What is the hundreds digit of 2132?
1
What is the units digit of 56006?
6
What is the units digit of 211?
1
What is the ten thousands digit of 90637?
9
What is the hundreds digit of 2731?
7
What is the thousands digit of 1790?
1
What is the tens digit of 932?
3
What is the hundreds digit of 328?
3
What is the units digit of 874?
4
What is the tens digit of 68396?
9
What is the thousands digit of 51331?
1
What is the tens digit of 4622?
2
What is the hundreds digit of 12128?
1
What is the tens digit of 5897?
9
What is the thousands digit of 17899?
7
What is the tens digit of 1403?
0
What is the units digit of 9252?
2
What is the hundreds digit of 1187?
1
What is the tens digit of 1379?
7
What is the tens digit of 4498?
9
What is the ten thousands digit of 55299?
5
What is the thousands digit of 19617?
9
What is the units digit of 16878?
8
What is the units digit of 2633?
3
What is the tens digit of 1012?
1
What is the tens digit of 745?
4
What is the thousands digit of 9504?
9
What is the hundreds digit of 2405?
4
What is the tens digit of 31890?
9
What is the units digit of 457?
7
What is the units digit of 1198?
8
What is the hundreds digit of 157281?
2
What is the units digit of 979?
9
What is the tens digit of 16023?
2
What is the units digit of 747?
7
What is the ten thousands digit of 17668?
1
What is the thousands digit of 3910?
3
What is the hundreds digit of 998?
9
What is the hundreds digit of 196552?
5
What is the units digit of 5431?
1
What is the units digit of 2054?
4
What is the hundreds digit of 26750?
7
What is the units digit of 2373?
3
What is the units digit of 1938?
8
What is the ten thousands digit of 24955?
2
What is the tens digit of 2498?
9
What is the hundred thousands digit of 121326?
1
What is the units digit of 32?
2
What is the thousands digit of 11391?
1
What is the hundreds digit of 34807?
8
What is the tens digit of 10521?
2
What is the units digit of 2969?
9
What is the tens digit of 12883?
8
What is the ten thousands digit of 111269?
1
What is the units digit of 10000?
0
What is the tens digit of 1412?
1
What is the units digit of 7660?
0
What is the tens digit of 17908?
0
What is the units digit of 107379?
9
What is the units digit of 633?
3
What is the units digit of 18?
8
What is the tens digit of 34516?
1
What is the tens digit of 446?
4
What is the thousands digit of 1443?
1
What is the ten thousands digit of 96422?
9
What is the tens digit of 22548?
4
What is the thousands digit of 3108?
3
What is the hundreds digit of 2466?
4
What is the units digit of 32808?
8
What is the units digit of 82332?
2
What is the hundreds digit of 1261?
2
What is the tens digit of 59974?
7
What is the thousands digit of 29676?
9
What is the tens digit of 1439?
3
What is the tens digit of 153?
5
What is the hundreds digit of 987?
9
What is the hundreds digit of 704?
7
What is the units